 + 12 = -5*s, 3*l - 3*s = -7*s + 41. Suppose -15*i = -l*i - 932. What is the hundreds digit of i?
2
Suppose -29328 = -3*c + 3*x, -4*x - 1688 = -c + 8097. What is the units digit of c?
3
Let p = 33 + -26. Let c(h) = 0 + h**2 - 2 + 3 + 3*h + p*h. What is the units digit of c(6)?
7
Let f(h) = 2*h + 1. Let v(p) = -p**2 + 4*p - 5. Let d(j) = 4*f(j) - v(j). Suppose 0 = 2*x - 0*y + 3*y + 28, 5*x - 2*y = -32. What is the tens digit of d(x)?
4
Let m(f) = -18*f**2 + 19*f - 132. Let c(k) = -5*k**2 + 6*k - 44. Let x(l) = -7*c(l) + 2*m(l). What is the tens digit of x(0)?
4
Let t be 9/18 + (-98)/4 + -1. Let a = 502 + t. What is the units digit of a?
7
Suppose 2*o - 28 = 2*x, -61 = 4*x - 41*o + 36*o. What is the tens digit of -1486*(10/(-30))/((-6)/x)?
4
Suppose 0 = 6*j + 908 + 1150. Let d be 3/(-1)*j/7. Let o = d + -58. What is the units digit of o?
9
Let r = -666 - -166. Let k = r + 857. What is the hundreds digit of k?
3
Let q(m) be the first derivative of m**3/3 - 23*m**2/2 - 39*m - 200. What is the units digit of q(-25)?
1
Let v(r) = -18*r**2 + 851*r + 7. What is the hundreds digit of v(24)?
0
Suppose 0 = 57*h + 25*h + 2*h - 1120728. What is the hundreds digit of h?
3
Let z(a) = -10*a**3 + 2*a**2 + 4*a + 3. Suppose 4*v + 5 = -3. Let n be z(v). Suppose -2*t + n = -t. What is the units digit of t?
3
Suppose 3*c = -5 - 10, -4*r = 5*c - 160451. What is the thousands digit of r?
0
Let u(j) = 499*j**2 + 111*j - 51. What is the ten thousands digit of u(-8)?
3
Suppose -2*q + 195 = 3*q. Let k be 219/(-2)*(10/(-6) + 25/75). Let y = k - q. What is the tens digit of y?
0
Suppose -5*j + k - 2655 = 0, -4*j - 2124 = 4*k - 5*k. Let p = j + 1176. What is the hundreds digit of p?
6
Let m(f) = f**3 - 6*f**2 - 29*f - 18. Let q be m(10). Suppose 0 = -3*v - 5*o + q, v + o = -0*v + 28. What is the units digit of (-59)/(-354) + (-1030)/v*-2?
6
Let t = -525 - -311. Let s = t + 262. What is the tens digit of s?
4
Let x(a) = -3*a**3 + 19*a**2 - 12. Let h be x(6). Let n(g) = g**2 - 25*g + 27. Let k be n(h). What is the units digit of -1 + -7 + 12/k - -18?
4
Let r(g) = -3*g**3 - 1664*g + 24*g**2 + 1638*g + 27 - 3*g**2 + 2*g**3. What is the units digit of r(16)?
1
Let y be 1/(3/75*5). Suppose -y*c - 4*k + 272 = 0, 4*c + 0*k = -2*k + 220. Suppose 4*j - 70 = f + c, 3*j = -f + 91. What is the units digit of j?
1
Suppose -y + 158 = -37. Suppose 5*a + 4*m = 1032 - 57, a = -3*m + y. What is the tens digit of a?
9
Let t(g) = 358*g + 5566. What is the hundreds digit of t(70)?
6
Let d(f) = 14*f**2 + 13*f - 9. Let k be d(-7). Suppose 7*p + k = 8*p. What is the hundreds digit of p?
5
Let h be 1 + -5 + -2207 - (-8)/4. Let i = -1194 - h. What is the hundreds digit of i?
0
Suppose 59*b - 61*b - l + 22480 = 0, 4*l - 16 = 0. What is the ten thousands digit of b?
1
What is the units digit of 60012/6*128/48?
2
Let g = -8772 + 13905. What is the units digit of g?
3
Suppose 0 = 383*o - 380*o - 15. What is the tens digit of 5/(33 + -8) - (-719)/o?
4
Suppose -61 = -12*f - 25. Suppose -6*z - 1078 = -8*z + f*n, 5*n = 5*z - 2685. What is the tens digit of z?
3
Suppose -40*x - 1956498 = 181*x - 4852703. What is the units digit of x?
5
Let x be (-2 - -1362)/2 - 1. Suppose x = 5*o + 144. Let c = 36 + o. What is the tens digit of c?
4
Suppose -4*c = 4*g + 716, g - 4*c - 30 = -234. Let j = -131 - g. What is the units digit of j?
3
Let f = 7871 - -621. What is the thousands digit of f?
8
Suppose 3489559 + 121027 = 178*n - 276044. What is the tens digit of n?
3
Let b = 28079 - 17471. What is the hundreds digit of b?
6
Let z(b) = 50*b**2 + 5*b - 7. Let d be z(-6). Suppose 0 = s + 2*o - 572, -5*s + 1073 = 2*o - d. Suppose -6*h + s = -82. What is the units digit of h?
8
Let t(b) = 86*b - 128. Let h be t(6). Let u = 648 - h. What is the tens digit of u?
6
Let g = -2262 - -3709. What is the units digit of g?
7
Suppose 7*d = 4*d - 18. Let y(o) be the second derivative of o**4/12 + o**3/3 + 7*o**2/2 - 2*o + 24. What is the tens digit of y(d)?
3
Suppose -105*c = -107*c - 8. What is the hundreds digit of (18/c)/((-28)/2576)?
4
Suppose b - 30 = 5*r - 20, -4*r - 56 = -4*b. Let n be (-4)/3*(-6)/4. Suppose 4*y = 5*t - 196, 3*t + n*y = 85 + b. What is the tens digit of t?
3
Suppose 5*o - 5204 - 19961 = 0. What is the hundreds digit of o?
0
Let f(a) = a**2 + 10*a - 92. Let w be f(27). Suppose -3*i + 3118 - w = 0. What is the hundreds digit of i?
7
Let n = 1 + 13. Let h(z) = -9*z**2 - 13*z - 4. Let d be h(-5). What is the tens digit of 21/n*d/(-3)?
8
Let b be -2*2/16 - (-67286)/(-136). What is the hundreds digit of 17/(101/b - 2/(-9))?
9
Let x = -7027 - -17652. What is the hundreds digit of x?
6
Let y(c) be the second derivative of -13*c + 1/12*c**4 - 6*c**2 + 1/2*c**3 + 0. What is the tens digit of y(5)?
2
Suppose -6*d + 5681 = 7*d. Suppose 3*i + 2*y - 1299 = -y, 0 = -i + 3*y + d. What is the units digit of i?
4
Let h(o) = 4*o**2 - 42*o - 76. Let b be h(-17). Let u = b - 889. What is the units digit of u?
5
Suppose 0 = -p - r + 142, 6*r + 20 = r. Let z(m) = -2*m + 14. Let s be z(6). What is the units digit of (s + p/(-4))/(12/(-16))?
6
Suppose 3*u = 8*u. Suppose u = 17*a - 4 - 1033. What is the units digit of a?
1
Suppose -5*h + 5*t - 30 = 0, 3*h = t - 0*t - 22. Let o be 1/4 + 90/h. Let n = -3 - o. What is the units digit of n?
8
Suppose 2*h = -t + 1, -3*h + 0*t - 11 = -t. Let x be (6/(-24))/(h/24). Suppose -3 = -x*n + 18. What is the units digit of n?
7
Let t = 2482 + 4319. What is the thousands digit of t?
6
Suppose 3*j = -3*v - 2*j + 169, -154 = -3*v - 2*j. Let o = 5 - 70. Let p = v - o. What is the hundreds digit of p?
1
Let f = 55910 - 24862. What is the tens digit of f?
4
Let s be (38/(-57))/((-2)/75). Let f be s*((-21)/(-3) - 3). What is the tens digit of (((-60)/8)/5)/((-6)/f)?
2
Let b = 34 + -12. Suppose -y + 10 = -b. Suppose 0 = 35*v - y*v - 144. What is the tens digit of v?
4
Let d be (((-21)/7)/(-6))/((-1)/(-80)). Let j be 208/d*50/4. Suppose 4*f = 3*l + j - 556, -l + 161 = -4*f. What is the tens digit of l?
6
Suppose -3*b - 3*h + 93738 = -19191, -15 = 3*h. What is the tens digit of b?
4
Let j be (39/6 - 1 - 4)*24. Suppose 0 = 3*a - j - 6. What is the hundreds digit of (0 + 106/3)*(a + -11)?
1
Let j be (3 - 0)*3/(-18)*-1756. Suppose -5*p + 2*b + 0*b = -j, 4*b + 700 = 4*p. What is the units digit of p?
6
Let j(n) = -37*n - 33. Suppose -4*q - 8 = 12. What is the units digit of j(q)?
2
Suppose m + 289*q - 284*q = 14731, 2*q = -4*m + 58960. What is the tens digit of m?
4
Suppose 5*l = 4*r - 29019, 0 = r - 23*l + 27*l - 7239. What is the hundreds digit of r?
2
Let t = 16513 - 10280. What is the units digit of t?
3
Let h(t) = -t**3 - 6*t**2 + 12*t - 6. Let k be h(-9). Suppose 3*j = -z + 14, 0*z - j + 140 = 5*z. Suppose 0 = q - k + z. What is the tens digit of q?
0
Suppose -14 - 26 = -5*p. Let k(r) be the second derivative of -r**4/12 + 11*r**3/6 + 20*r. What is the units digit of k(p)?
4
Suppose -a + 5386 = 2*m, 2*a - m + 21565 = 6*a. What is the tens digit of a?
9
Let r be ((-5)/10)/(4/16) - -16. Suppose -r*y + 5002 = -5176. What is the tens digit of y?
2
Let i be 203/58 + -1*3/(-6). Suppose -i*d - d = -965. What is the tens digit of d?
9
Let n(x) = -x**2 + 16*x - 43. Let m be n(14). What is the hundreds digit of (m/(-20)*-4)/((-3)/219)?
2
Let w(g) = -2*g**3 - 5*g**2 + 4*g. Let r be w(-4). Let a = 63 - 34. Let m = r - a. What is the units digit of m?
3
Suppose -12*l + 14*l - 10 = g, 4*g = 2*l - 16. Let o(i) = 2*i + 5*i - 11*i**2 + 48*i**2 + 17. What is the tens digit of o(g)?
5
Let t = 44 - -4. Suppose 6*h + t = 4*x + 3*h, -x = 2*h - 12. Suppose 64 - x = 2*z. What is the units digit of z?
6
Suppose 2*q = 5*x - 22, -8*x + 15 = -3*x + 5*q. Let p be (55/(-3))/(x/(-12)). Suppose -10*s + 75 + p = 0. What is the tens digit of s?
1
Let b = 165 + -185. What is the units digit of ((-8)/b)/(28/(-10) + 3)?
2
Let h(c) = c**3 - 20*c**2 + 26*c - 128. Let p be h(19). Suppose -4*s = 5*o - 130, 52 = p*o - 3*o + 3*s. What is the units digit of o?
6
Let d be 1*-1 + (-16 - (10 + 20739)). What is the tens digit of (-20)/(-35) - (-7)/((-294)/d)?
9
Let c(g) = -2*g - 382. Let b(k) = k - 191. Let y(a) = 7*b(a) - 4*c(a). What is the tens digit of y(12)?
7
Let f be (226*-6)/6 + -2. Let b = 545 + f. What is the tens digit of b?
1
Let q(l) = -l*